{"id":2,"date":"2025-01-12T18:33:40","date_gmt":"2025-01-12T17:33:40","guid":{"rendered":"http:\/\/elec-land.fr\/?page_id=2"},"modified":"2025-04-02T16:48:38","modified_gmt":"2025-04-02T14:48:38","slug":"page-d-accueil","status":"publish","type":"page","link":"https:\/\/elec-land.fr\/index.php\/page-d-accueil\/","title":{"rendered":"Votre artisan de confiance \u00e0 Sotteville-l\u00e8s-Rouen"},"content":{"rendered":"\n<p>Vous avez un projet de r\u00e9novation, de mise aux normes, d\u2019installation ou de d\u00e9pannage ?<br>Je suis \u00e0 votre service pour vous garantir des prestations de qualit\u00e9, r\u00e9alis\u00e9es dans les r\u00e8gles de l\u2019art, avec une assurance RC professionnelle et d\u00e9cennale.<\/p>\n\n\n\n<ul class=\"wp-block-list\">\n<li><strong>Installation \u00e9lectrique :<\/strong> Vous r\u00e9novez votre logement ou construisez une nouvelle maison ? Je m\u2019occupe de l\u2019ensemble de l\u2019installation \u00e9lectrique, de la mise en place des circuits \u00e0 la pose des prises et des interrupteurs. Chaque projet est r\u00e9alis\u00e9 avec soin pour garantir votre s\u00e9curit\u00e9 et le respect des normes en vigueur.<\/li>\n\n\n\n<li><strong>D\u00e9pannage \u00e9lectrique :<\/strong> Un probl\u00e8me \u00e9lectrique ? Un disjoncteur qui saute ou une panne d\u2019\u00e9lectricit\u00e9 ? Je peux intervenir rapidement et r\u00e9soudre tous vos soucis \u00e9lectriques dans les plus brefs d\u00e9lais.<\/li>\n\n\n\n<li><strong>Mise aux normes :<\/strong> L\u2019\u00e9lectricit\u00e9 de votre habitat n\u2019est plus conforme aux normes de s\u00e9curit\u00e9 actuelles ? Je peux effectuer la mise aux normes de votre installation pour garantir votre s\u00e9curit\u00e9 et \u00e9viter tout risque d\u2019incendie.<\/li>\n\n\n\n<li><strong>\u00c9clairage et domotique :<\/strong> Vous souhaitez moderniser votre \u00e9clairage ou automatiser votre maison ? Je vous accompagne dans l\u2019installation de solutions d\u2019\u00e9clairage adapt\u00e9es et vous propose des solutions domotiques pour am\u00e9liorer votre confort au quotidien.<\/li>\n\n\n\n<li><strong>Maintenance pr\u00e9ventive :<\/strong> Pour \u00e9viter les pannes et les plaintes des occupants, je propose un service de maintenance pr\u00e9ventive qui vous assure une tranquillit\u00e9 d\u2019esprit tout au long de l\u2019ann\u00e9e.<\/li>\n<\/ul>\n\n\n\n<h4 class=\"wp-block-heading\"><strong>Pourquoi me choisir ?<\/strong><\/h4>\n\n\n\n<ul class=\"wp-block-list\">\n<li><strong>R\u00e9activit\u00e9 :<\/strong> En tant qu\u2019\u00e9lectricien ind\u00e9pendant, je mets un point d\u2019honneur \u00e0 intervenir rapidement pour vos d\u00e9pannages urgents, afin de minimiser les d\u00e9sagr\u00e9ments pour vous.<\/li>\n\n\n\n<li><strong>Dispense de TVA :<\/strong> Sous le r\u00e9gime de la microentreprise, je ne facture pas de TVA. Ainsi, vous \u00e9conomisez d\u00e9j\u00e0 20 % du tarif demand\u00e9 par une soci\u00e9t\u00e9 !<\/li>\n\n\n\n<li><strong>Polyvalence :<\/strong> Avec plusieurs ann\u00e9es d\u2019exp\u00e9rience dans les am\u00e9nagements int\u00e9rieurs, je vous propose de m&rsquo;occuper des finitions en plaques de pl\u00e2tre ou en lambris bois autour des \u00e9quipements \u00e9lectriques.<\/li>\n\n\n\n<li><strong>Transparence et confiance :<\/strong> Je vous fournis des devis clairs et d\u00e9taill\u00e9s avant chaque intervention. Aucun frais cach\u00e9, vous savez exactement ce pour quoi vous payez. Toutes mes interventions sont assur\u00e9s en RC et d\u00e9cennale.<\/li>\n\n\n\n<li><strong>Service personnalis\u00e9 :<\/strong> En tant qu\u2019\u00e9lectricien ind\u00e9pendant, je prends le temps d\u2019\u00e9couter vos besoins et de vous conseiller sur les meilleures solutions \u00e0 adopter pour votre projet.<\/li>\n<\/ul>\n\n\n\n<h4 class=\"wp-block-heading\"><strong>Contactez-moi pour un devis gratuit<\/strong><\/h4>\n\n\n\n<p>Si vous avez un projet en t\u00eate ou si vous avez besoin d\u2019une intervention urgente, n\u2019h\u00e9sitez pas \u00e0 me contacter pour obtenir un devis gratuit et personnalis\u00e9 autour de Rouen. Je me ferai un plaisir de r\u00e9pondre \u00e0 toutes vos questions et de vous accompagner dans la r\u00e9alisation de vos travaux \u00e9lectriques.<\/p>\n\n\n\n<p><\/p>\n","protected":false},"excerpt":{"rendered":"<p>Vous avez un projet de r\u00e9novation, de mise aux normes, d\u2019installation ou de d\u00e9pannage ?Je suis \u00e0 votre service pour vous garantir des prestations de qualit\u00e9, r\u00e9alis\u00e9es dans les r\u00e8gles de l\u2019art, avec une assurance RC professionnelle et d\u00e9cennale. Pourquoi me choisir ? Contactez-moi pour un devis gratuit Si vous avez un projet en t\u00eate [&hellip;]<\/p>\n","protected":false},"author":1,"featured_media":0,"parent":0,"menu_order":0,"comment_status":"closed","ping_status":"closed","template":"","meta":{"footnotes":""},"class_list":["post-2","page","type-page","status-publish","hentry"],"_links":{"self":[{"href":"https:\/\/elec-land.fr\/index.php\/wp-json\/wp\/v2\/pages\/2","targetHints":{"allow":["GET"]}}],"collection":[{"href":"https:\/\/elec-land.fr\/index.php\/wp-json\/wp\/v2\/pages"}],"about":[{"href":"https:\/\/elec-land.fr\/index.php\/wp-json\/wp\/v2\/types\/page"}],"author":[{"embeddable":true,"href":"https:\/\/elec-land.fr\/index.php\/wp-json\/wp\/v2\/users\/1"}],"replies":[{"embeddable":true,"href":"https:\/\/elec-land.fr\/index.php\/wp-json\/wp\/v2\/comments?post=2"}],"version-history":[{"count":7,"href":"https:\/\/elec-land.fr\/index.php\/wp-json\/wp\/v2\/pages\/2\/revisions"}],"predecessor-version":[{"id":48,"href":"https:\/\/elec-land.fr\/index.php\/wp-json\/wp\/v2\/pages\/2\/revisions\/48"}],"wp:attachment":[{"href":"https:\/\/elec-land.fr\/index.php\/wp-json\/wp\/v2\/media?parent=2"}],"curies":[{"name":"wp","href":"https:\/\/api.w.org\/{rel}","templated":true}]}}